 factors of l.
5, 139
Let b be 5/(20/2164)*-1. Let n = -278 - b. List the prime factors of n.
263
Let m(c) = -263 + 215*c**2 + 98*c**2 + 5*c + 272. List the prime factors of m(-2).
3, 139
Let q = -415 - -2251. Suppose 17*z - q = 102. What are the prime factors of z?
2, 3, 19
Suppose -20*l + 580508 = -1872. What are the prime factors of l?
37, 787
Let c = 152 + -470. Let o = 560 + c. List the prime factors of o.
2, 11
Let r = -68 + -4. Suppose -7*s = 25 - 886. Let i = s + r. What are the prime factors of i?
3, 17
Let m = 0 - -7. Let n(s) = s**2 - 6*s - 2. Let t(b) = 4*b + 3. Let v(x) = 3*n(x) + 2*t(x). List the prime factors of v(m).
7, 11
Let r(y) = y**3 + 8*y**2 - 6*y. Let x be r(-11). Let p be 4/(-3)*x/18. Suppose -3*i - 79 = -3*v - 1, i = -v + p. What are the prime factors of v?
2, 3
Suppose -9529276 = 13707*v - 13831*v. What are the prime factors of v?
31, 37, 67
Suppose -h - 11 = -5*c, -5*c - 3*h + 3 = -4. Let r be c/7 - (-576)/(-56). Let d(q) = -7*q - 9. What are the prime factors of d(r)?
61
List the prime factors of (14 + -1)*(-11 - (-4 + -284)).
13, 277
Let y be (3 - (-6)/18)/(6/9). Suppose -2*j + y*j + 569 = i, -4*j + 1098 = 2*i. What are the prime factors of i?
557
Let l = 2758 + 5346. Suppose -18*x + 7862 = -l. What are the prime factors of x?
887
Suppose -34*l + 38*l - 58088 = -s, 5*s - 2*l = 290462. What are the prime factors of s?
2, 3, 47, 103
Suppose 0 = 2737*s - 2805*s + 3407616. What are the prime factors of s?
2, 3, 29
Suppose 822 = 9*m - 636. Let k = -54 + m. What are the prime factors of k?
2, 3
Let f(d) = -13*d - 15. Let x be f(-12). Let t = 124 + -201. Let l = x + t. What are the prime factors of l?
2
What are the prime factors of (-40)/70 - 18954/(-21) - 5?
3, 13, 23
Suppose -13*u + 5301 = -12327. What are the prime factors of u?
2, 3, 113
Suppose 7*h = -28 + 2261. Let z = h + -155. What are the prime factors of z?
2, 41
Suppose 5*j - 2*u + 14 = -65, 0 = u - 2. Let o(w) = -w**3 - 11*w**2 + 17*w - 10. List the prime factors of o(j).
5, 127
Suppose -3*s = 2*i - 2849, 1330 = -2*i + 4*s + 4214. Suppose -25*q = -i + 7. What are the prime factors of q?
3, 19
Suppose -11*u + 36944 = -10784 - 78915. What are the prime factors of u?
29, 397
Suppose -c + 2*w = -606, 2281 = 3*c + w + 442. Let o = c - 220. List the prime factors of o.
2, 7
Let k(q) = 8*q**3 - 3*q**2 - 5*q - 5. Suppose -8*h = -5*h - 3*t + 3, -3*h = t - 13. What are the prime factors of k(h)?
13
Let s(c) = 789*c - 1425. List the prime factors of s(8).
3, 181
Let w(x) = 139*x + 2008. List the prime factors of w(83).
3, 5, 7, 43
Suppose 63*m - 26*m - 1480070 = -52*m. What are the prime factors of m?
2, 5, 1663
Let z = 649 + -329. Suppose 4*p = -4*u + z, 0*p - u = -p + 82. List the prime factors of p.
3
Suppose 36722*h - 36769*h = -2549233. What are the prime factors of h?
73, 743
List the prime factors of 743828/44 - (2/11)/1.
3, 5, 7, 23
Suppose -115*s = 81*s - 5593448. List the prime factors of s.
2, 19, 751
List the prime factors of (5/((-75)/(-18171)))/((-156)/(-4160)).
2, 3, 673
List the prime factors of (-33 - (-60396)/36)*2/(4/3).
2467
What are the prime factors of -4*((-205350)/(-15))/(-10)?
2, 37
Let p be (-11)/(24/8 - 4). Let t(i) = 9*i - 2*i**3 + 2*i**3 - 11 + 4*i - i**3 + 10*i**2. What are the prime factors of t(p)?
11
Suppose -4*g - i - 16 = -8*g, -3*g + 12 = -2*i. Suppose -27 = h + 4*l, 4*l + 35 = -g*h - 49. Let b = 28 + h. List the prime factors of b.
3
Let s(n) = -n**2 + 18*n - 44. Let i be s(3). What are the prime factors of i/(-2) + 5020/8?
3, 11, 19
Let m be ((-46)/(-8))/(-1 - (-84)/80). Suppose 0 = 4*a - 2*f - 296, 3*a - m = -4*f + 129. Suppose 0 = 11*p - 9*p - a. What are the prime factors of p?
2, 19
Suppose 0 = -s - 6*s + 7. Let z be (s/(-2))/1*(3 + -11). Suppose -z*t + 6 = -26. What are the prime factors of t?
2
Suppose w + 5*f - 15543 = -1642, 0 = w - f - 13883. List the prime factors of w.
2, 53, 131
Suppose 7*n = -3*n + 30. Suppose 8*m - 1715 = n*m. Suppose -12*h = -5*h - m. What are the prime factors of h?
7
Let w(c) = -22*c + 6 - 5 - 13*c. Let a be w(-1). Suppose 0 = a*i - 40*i + 356. List the prime factors of i.
89
Suppose -5*d + 74093 = -3*w, -8*w = -4*d - 5*w + 59272. What are the prime factors of d?
14821
Let b = -375 + 392. Let r(u) = u**3 - 17*u**2 + 14*u - 1. What are the prime factors of r(b)?
3, 79
Let t = -16660 + 42701. What are the prime factors of t?
26041
Suppose -3*h + 65 = -2*o, -3*o - 39 = 5*h - 141. List the prime factors of (-3)/h*-1 - 940/(-35).
3
Let u(l) = -7*l + 275. Let y be u(35). Suppose -62*x + y*x + 51584 = 0. What are the prime factors of x?
2, 13, 31
Let k(d) be the third derivative of 11*d**4/6 - 73*d**3/6 - 44*d**2. What are the prime factors of k(4)?
103
Let o = -15 - -19. Let b(c) = 21*c - 58. List the prime factors of b(o).
2, 13
Suppose -h - 18879 = -2*q, 18*q + 9462 = 19*q - 5*h. What are the prime factors of q?
9437
Suppose 5 = -5*r + 30, -3*u - 2*r - 1772 = 0. What are the prime factors of (1 + 1)/((-4)/u - 0)?
3, 11
Suppose 266 = -2*f + 21*f. Let c(g) = -11*g + 9*g**2 + 13*g + 2*g**2 - f - g**3 + 15*g. List the prime factors of c(11).
173
Let v be -186*(9/(-27))/(2/12). What are the prime factors of (5 - 6)*4 + v?
2, 23
Let w = -1635 - -942. Let u = w - -1456. List the prime factors of u.
7, 109
Suppose -7*r = 2*d - 4*r - 48018, 48004 = 2*d - 4*r. What are the prime factors of d?
2, 3, 4001
Suppose -5*w + 1919 = -3*j - 6824, 4*w + 2*j - 6990 = 0. List the prime factors of w.
2, 19, 23
Let v = -14127 - -42017. List the prime factors of v.
2, 5, 2789
Let y(l) = 290*l**2 + 16*l - 82. What are the prime factors of y(-9)?
2, 727
Suppose 0 = -5*f - 3*u + 205995, 2*f = 4*u + 50413 + 31985. What are the prime factors of f?
3, 31, 443
Suppose -4*m - 5*k + 61419 = 0, 151*m + 4*k = 150*m + 15352. List the prime factors of m.
2, 11, 349
Let j = -8664 - -12955. What are the prime factors of j?
7, 613
List the prime factors of 478 - (2 - (-3 - -10)).
3, 7, 23
Suppose -2*l - 7 = -2*i - i, -5*i + 2*l + 17 = 0. Suppose -g - 2*s - 8 = 0, -4*g = -i*g + s - 2. What are the prime factors of 0 + 156 - g/((-8)/(-6))?
3, 53
Let p(j) = 234*j + 722. What are the prime factors of p(31)?
2, 997
Suppose -36 = u - 24. Let f(j) = -j**3 - 14*j**2 - 24*j. Let y be f(u). Suppose y = 2*n - 10, 5*x = 3*x + 4*n - 16. List the prime factors of x.
2
Suppose 4*i - 2*x + 0 + 4 = 0, 0 = -2*i + 5*x + 14. Let q(j) = j - 7. Let g be q(i). Let s = g - -76. What are the prime factors of s?
2, 3, 11
Let a(q) = q**3 + 12*q**2 + 10*q - 9. Suppose 10*z = -59 - 31. Let p = z + -2. List the prime factors of a(p).
2
Suppose 5*q + w = -790, 5*q - 3*q + 293 = -5*w. Let v = q - -257. List the prime factors of v.
2, 7
Let n = 26674 - 13725. What are the prime factors of n?
23, 563
Let j be (-4)/(-12) + -4 + (-3)/9. Let d(x) = -5*x**3 - 4*x**2 + 7*x + 15. List the prime factors of d(j).
3
Let s(u) be the second derivative of u**5/20 - 25*u**4/12 + 43*u**3/6 - 21*u**2/2 + 18*u + 1. List the prime factors of s(24).
3, 5, 29
Let z = -30 - -43. Let c be (-112)/(-10)*320/128. Let l = c - z. List the prime factors of l.
3, 5
Let w(f) = -147*f + 83. Let z = -52 + 49. What are the prime factors of w(z)?
2, 131
Let o(f) = 240*f + 1. Let t be o(-8). Let a = -1116 - t. List the prime factors of a.
11, 73
Suppose 291363 + 11093 = 3*r + 8*r. List the prime factors of r.
2, 7, 491
Suppose 0 = 2*c - 4*t - 35870, 9*t = 5*c + 7*t - 89715. What are the prime factors of c?
5, 37, 97
Let l be (2 + 4)/(-2) - 1. Let n(g) = 6*g**2 - 4175*g + 4180*g - 3*g**2 + 10. What are the prime factors of n(l)?
2, 19
Suppose 184*p = 197*p - 502931. List the prime factors of p.
11, 3517
Let m(o) = 6919*o**2 + 10*o + 3. Let h be m(-2). Suppose -113*u + 96*u = -h. List the prime factors of u.
1627
Suppose 0 = -28*v + 21*v + 140. Suppose -2335 = 15*l - v*l. What are the prime factors of l?
467
Suppose -a - 256 = -251. Let h(o) = 27*o + 4. Let p(n) = -26*n - 3. Let c(m) = 4*h(m) + 5*p(m). List the prime factors of c(a).
3, 37
Let f = 77031 + -54409. What are the prime factors of f?
2, 11311
Suppose 12*k - 7*k = -5*r + 580, 232 = 2*r + 5*k. Suppose -r*s - 484 = -118*s. List the prime factors of s.
2, 11
Suppose -5*r + 5*k = 2*k - 33, 5*k = 3*r - 23. Suppose -6 = -f - r. Suppose -4*z = 4*v - f*v